{"id":304,"date":"2022-03-02T21:53:11","date_gmt":"2022-03-02T20:53:11","guid":{"rendered":"https:\/\/www.kleintierpraxis-wenzenbach.de\/WordPress\/?page_id=304"},"modified":"2026-02-05T16:50:07","modified_gmt":"2026-02-05T15:50:07","slug":"stellenangebote","status":"publish","type":"page","link":"https:\/\/www.kleintierpraxis-wenzenbach.de\/WordPress\/stellenangebote\/","title":{"rendered":"Stellenangebote"},"content":{"rendered":"\n<p><\/p>\n\n\n\n<h1 class=\"wp-block-heading\">Zur Verst\u00e4rkung unseres Teams suchen wir:<\/h1>\n\n\n\n<ul>\n<li>einen <strong>Kleintierarzt<\/strong> (m\/w\/d)  in Voll- oder Teilzeit, gern mit Berufserfahrung oder Schwerpunkt, aber auch Berufseinsteiger oder Wiedereinsteiger willkommen<\/li>\n\n\n\n<li>eine\/n <strong><strong>AZUBI <\/strong><\/strong>zum TFA (m\/w\/d)<\/li>\n\n\n\n<li>eine\/n <strong>Tiermedizinische\/n Fachangestellte\/n<\/strong> in Teilzeit (auch nachmittags\/abends)<\/li>\n<\/ul>\n\n\n\n<p><\/p>\n\n\n\n<h5 class=\"wp-block-heading\">Sie haben Freude an der Arbeit mit Tier und Mensch, sind zuverl\u00e4ssig, motiviert und teamf\u00e4hig?<\/h5>\n\n\n\n<h5 class=\"wp-block-heading\">Dann bieten wir Ihnen ein interessantes Bet\u00e4tigungsfeld in unserer modernen Kleintierpraxis mit geregelten Arbeitszeiten (ohne regelm\u00e4\u00dfige Not- und Nachtdienste) zu fairen Bedingungen in harmonischer Arbeitsatmosph\u00e4re in unserem motivierten, kollegialen Team. <\/h5>\n\n\n\n<h5 class=\"wp-block-heading\">Bitte bewerben Sie sich ausschlie\u00dflich per Email an <a href=\"mailto:kltprx@gmail.com\" target=\"_blank\" rel=\"noreferrer noopener\">kltprx@gmail.com<\/a>. <\/h5>\n\n\n\n<p><\/p>\n\n\n\n<p><\/p>\n\n\n\n<h6 class=\"wp-block-heading\"><\/h6>\n","protected":false},"excerpt":{"rendered":"<p>Zur Verst\u00e4rkung unseres Teams suchen wir: Sie haben Freude an der Arbeit mit Tier und Mensch, sind zuverl\u00e4ssig, motiviert und teamf\u00e4hig? Dann bieten wir Ihnen ein interessantes Bet\u00e4tigungsfeld in unserer modernen Kleintierpraxis mit geregelten Arbeitszeiten (ohne regelm\u00e4\u00dfige Not- und Nachtdienste) zu fairen Bedingungen in harmonischer Arbeitsatmosph\u00e4re in unserem motivierten, kollegialen Team. Bitte bewerben Sie sich [&hellip;]<\/p>\n","protected":false},"author":1,"featured_media":0,"parent":0,"menu_order":0,"comment_status":"closed","ping_status":"closed","template":"","meta":{"footnotes":""},"_links":{"self":[{"href":"https:\/\/www.kleintierpraxis-wenzenbach.de\/WordPress\/wp-json\/wp\/v2\/pages\/304"}],"collection":[{"href":"https:\/\/www.kleintierpraxis-wenzenbach.de\/WordPress\/wp-json\/wp\/v2\/pages"}],"about":[{"href":"https:\/\/www.kleintierpraxis-wenzenbach.de\/WordPress\/wp-json\/wp\/v2\/types\/page"}],"author":[{"embeddable":true,"href":"https:\/\/www.kleintierpraxis-wenzenbach.de\/WordPress\/wp-json\/wp\/v2\/users\/1"}],"replies":[{"embeddable":true,"href":"https:\/\/www.kleintierpraxis-wenzenbach.de\/WordPress\/wp-json\/wp\/v2\/comments?post=304"}],"version-history":[{"count":16,"href":"https:\/\/www.kleintierpraxis-wenzenbach.de\/WordPress\/wp-json\/wp\/v2\/pages\/304\/revisions"}],"predecessor-version":[{"id":551,"href":"https:\/\/www.kleintierpraxis-wenzenbach.de\/WordPress\/wp-json\/wp\/v2\/pages\/304\/revisions\/551"}],"wp:attachment":[{"href":"https:\/\/www.kleintierpraxis-wenzenbach.de\/WordPress\/wp-json\/wp\/v2\/media?parent=304"}],"curies":[{"name":"wp","href":"https:\/\/api.w.org\/{rel}","templated":true}]}}