{"id":54,"date":"2021-06-29T23:44:13","date_gmt":"2021-06-29T21:44:13","guid":{"rendered":"https:\/\/www.kleintierpraxis-wenzenbach.de\/WordPress\/?page_id=54"},"modified":"2021-10-24T20:03:54","modified_gmt":"2021-10-24T18:03:54","slug":"impressum","status":"publish","type":"page","link":"https:\/\/www.kleintierpraxis-wenzenbach.de\/WordPress\/impressum\/","title":{"rendered":"Impressum"},"content":{"rendered":"\n<p class=\"has-medium-font-size\" style=\"line-height:0\">Kleintierpraxis <\/p>\n\n\n\n<p class=\"has-medium-font-size\" style=\"line-height:0\">Dr. Sabine Knue<\/p>\n\n\n\n<p style=\"line-height:0\">Bahnhofstr. 14<\/p>\n\n\n\n<p style=\"line-height:0\">D-93173 Wenzenbach<\/p>\n\n\n\n<p style=\"line-height:0\">Tel: 09407-9589280<\/p>\n\n\n\n<p class=\"has-extra-small-font-size\" style=\"line-height:0\">Email:&nbsp;&nbsp;&nbsp;&nbsp;&nbsp;<a href=\"mailto:praxisteam@kleintierpraxis-wenzenbach.de\">praxisteam@kleintierpraxis-wenzenbach.de<\/a><\/p>\n\n\n\n<p class=\"has-extra-small-font-size\" style=\"line-height:0\">Internet:&nbsp;&nbsp;<a href=\"http:\/\/www.kleintierpraxis-wenzenbach.de\">www.kleintierpraxis-wenzenbach.de<\/a><\/p>\n\n\n\n<div style=\"height:18px\" aria-hidden=\"true\" class=\"wp-block-spacer\"><\/div>\n\n\n\n<p class=\"has-medium-font-size\">Zust\u00e4ndige Kammer:<\/p>\n\n\n\n<p style=\"line-height:0\">Bayerische Landestier\u00e4rztekammer<\/p>\n\n\n\n<p style=\"line-height:0\">Bavariastr. 7a<\/p>\n\n\n\n<p style=\"line-height:0\">80336 M\u00fcnchen<\/p>\n\n\n\n<p class=\"has-extra-small-font-size\" style=\"line-height:0\"><a href=\"http:\/\/www.bltk.de\/\">www.bltk.de<\/a><\/p>\n\n\n\n<div style=\"height:18px\" aria-hidden=\"true\" class=\"wp-block-spacer\"><\/div>\n\n\n\n<p class=\"has-medium-font-size\">Gesetzliche Berufsbezeichnung:<\/p>\n\n\n\n<p style=\"line-height:0\">Tier\u00e4rztin (verliehen in der Bundesrepublik Deutschland)<\/p>\n\n\n\n<div style=\"height:18px\" aria-hidden=\"true\" class=\"wp-block-spacer\"><\/div>\n\n\n\n<p class=\"has-medium-font-size\">Berufsrechtliche Regelungen:<\/p>\n\n\n\n<p style=\"line-height:0\"><a href=\"http:\/\/www.bltk.de\/html\/satzung\/beruf_ordn.html\">Berufsordnung der bayerischen Landestier\u00e4rztekammer<\/a><\/p>\n\n\n\n<p style=\"line-height:0\">Heilberufegesetz des Landes Bayern.<\/p>\n\n\n\n<p style=\"line-height:0\">Die Regelungen finden sich im Gesetzesblatt des Landes Bayern.<\/p>\n\n\n\n<p style=\"line-height:0\"><a href=\"http:\/\/www.gesetze-im-internet.de\/bt_o\/BJNR004160965.html\">Bundestier\u00e4rzteordnung<\/a><\/p>\n\n\n\n<div style=\"height:18px\" aria-hidden=\"true\" class=\"wp-block-spacer\"><\/div>\n\n\n\n<p>Die Preisgestaltung erfolgt basierend auf der&nbsp;<a href=\"http:\/\/www.gesetze-im-internet.de\/got\/BJNR169100999.html\">Geb\u00fchrenordnung f\u00fcr Tier\u00e4rzte<\/a>.<\/p>\n\n\n\n<div style=\"height:18px\" aria-hidden=\"true\" class=\"wp-block-spacer\"><\/div>\n\n\n\n<p style=\"line-height:0\">Umsatzsteueridentifikationsnummer gem\u00e4\u00df<\/p>\n\n\n\n<p style=\"line-height:0\">\u00a727a Umsatzsteuergesetz: DE258651715&nbsp;<\/p>\n\n\n\n<div style=\"height:18px\" aria-hidden=\"true\" class=\"wp-block-spacer\"><\/div>\n\n\n\n<p class=\"has-medium-font-size\">Berufshafpflichtversicherung:<\/p>\n\n\n\n<p style=\"line-height:0\">Die Continentale<\/p>\n\n\n\n<p style=\"line-height:0\">Ruhrallee 92<\/p>\n\n\n\n<p style=\"line-height:0\">44139&nbsp; Dortmund<\/p>\n\n\n\n<p style=\"line-height:1.3\">V.i.S.d.P.: Dr. med. vet. Sabine Knue<\/p>\n\n\n\n<div style=\"height:18px\" aria-hidden=\"true\" class=\"wp-block-spacer\"><\/div>\n\n\n\n<p class=\"has-medium-font-size\">Haftungshinweis:<\/p>\n\n\n\n<p>Die auf dieser Website dargestellten kostenfreien Informationen dienen ausschlie\u00dflich Ihrer Information. Wir \u00fcbernehmen keinerlei Gew\u00e4hr f\u00fcr die Richtigkeit, Vollst\u00e4ndigkeit oder Aktualit\u00e4t der bereitgestellten Informationen. Anspr\u00fcche aus Auskunft, Empfehlung oder Beratung k\u00f6nnen aus der Bereitstellung nicht hergeleitet werden. Eine Haftung f\u00fcr Sch\u00e4den ist grunds\u00e4tzlich ausgeschlossen, soweit nicht Vorsatz oder grobe Fahrl\u00e4ssigkeit von uns zu vertreten ist.<\/p>\n\n\n\n<p>Ziele von Verweisen (Links), die von unseren Seiten auf fremde Internetseiten angebracht wurden, hatten zum Zeitpunkt der Linksetzung keine von uns erkennbaren gesetzwidrigen Inhalte. Wir haben jedoch auf diese fremden Internetinhalte keinen Einfluss und distanzieren uns hiermit von den dort zur Verf\u00fcgung gestellten Inhalten ausdr\u00fccklich. Insbesondere k\u00f6nnen wir nicht daf\u00fcr garantieren, dass andere Internet-Seiten der angelinkten Webpr\u00e4senz ausschlie\u00dflich rechtlich einwandfreie Inhalte bereithalten, ebenso wenig daf\u00fcr, dass die angelinkte Internetseite nicht nachtr\u00e4glich in rechtlich nicht einwandfreier Weise ver\u00e4ndert wurde.<\/p>\n\n\n\n<p>Copyright: Die von uns erstellten Texte, Programme, Grafiken sowie Audio- und Videodateien unterliegen unserem Nutzungs- und Verwertungsrecht und d\u00fcrfen nur mit unserer Zustimmung vervielf\u00e4ltigt oder verbreitet werden. Falls einzelne Klauseln dieser Haftungsbeschr\u00e4nkungserkl\u00e4rung nicht oder nicht mehr den geltenden gesetzlichen Vorschriften entspricht, bleibt davon die G\u00fcltigkeit der \u00fcbrigen Klauseln unber\u00fchrt.<\/p>\n\n\n\n<p>\u00a9 2011&nbsp; Kleintierpraxis Dr. med. vet. Sabine Knue<\/p>\n","protected":false},"excerpt":{"rendered":"<p>Kleintierpraxis Dr. Sabine Knue Bahnhofstr. 14 D-93173 Wenzenbach Tel: 09407-9589280 Email:&nbsp;&nbsp;&nbsp;&nbsp;&nbsp;praxisteam@kleintierpraxis-wenzenbach.de Internet:&nbsp;&nbsp;www.kleintierpraxis-wenzenbach.de Zust\u00e4ndige Kammer: Bayerische Landestier\u00e4rztekammer Bavariastr. 7a 80336 M\u00fcnchen www.bltk.de Gesetzliche Berufsbezeichnung: Tier\u00e4rztin (verliehen in der Bundesrepublik Deutschland) Berufsrechtliche Regelungen: Berufsordnung der bayerischen Landestier\u00e4rztekammer Heilberufegesetz des Landes Bayern. Die Regelungen finden sich im Gesetzesblatt des Landes Bayern. Bundestier\u00e4rzteordnung Die Preisgestaltung erfolgt basierend auf der&nbsp;Geb\u00fchrenordnung [&hellip;]<\/p>\n","protected":false},"author":1,"featured_media":0,"parent":0,"menu_order":10,"comment_status":"closed","ping_status":"closed","template":"","meta":{"footnotes":""},"_links":{"self":[{"href":"https:\/\/www.kleintierpraxis-wenzenbach.de\/WordPress\/wp-json\/wp\/v2\/pages\/54"}],"collection":[{"href":"https:\/\/www.kleintierpraxis-wenzenbach.de\/WordPress\/wp-json\/wp\/v2\/pages"}],"about":[{"href":"https:\/\/www.kleintierpraxis-wenzenbach.de\/WordPress\/wp-json\/wp\/v2\/types\/page"}],"author":[{"embeddable":true,"href":"https:\/\/www.kleintierpraxis-wenzenbach.de\/WordPress\/wp-json\/wp\/v2\/users\/1"}],"replies":[{"embeddable":true,"href":"https:\/\/www.kleintierpraxis-wenzenbach.de\/WordPress\/wp-json\/wp\/v2\/comments?post=54"}],"version-history":[{"count":12,"href":"https:\/\/www.kleintierpraxis-wenzenbach.de\/WordPress\/wp-json\/wp\/v2\/pages\/54\/revisions"}],"predecessor-version":[{"id":200,"href":"https:\/\/www.kleintierpraxis-wenzenbach.de\/WordPress\/wp-json\/wp\/v2\/pages\/54\/revisions\/200"}],"wp:attachment":[{"href":"https:\/\/www.kleintierpraxis-wenzenbach.de\/WordPress\/wp-json\/wp\/v2\/media?parent=54"}],"curies":[{"name":"wp","href":"https:\/\/api.w.org\/{rel}","templated":true}]}}